n 60 is divided by m?
4
Let h = -384 - -255. Suppose 502 = -5*o + 137. Let w = o - h. Calculate the remainder when w is divided by 19.
18
Let d(i) = -i**3 - 5*i**2 + 4*i - 4. Let a be d(-6). Suppose -x + 10 = 3*v, 3*v - a*v = -10. What is the remainder when 39 is divided by 4/(0 - x)*-10?
9
Suppose j - 2*v = 24 + 2, 4*v + 118 = 5*j. What is the remainder when 48 is divided by j?
4
Suppose -2*r = -0*r - 64. Suppose -6*a + 46 = -20. Let o = r + a. Calculate the remainder when o is divided by 16.
11
Suppose 0 = -a - 4, 0*b - 2*a - 8 = 4*b. Suppose b*q = -7*q + 154. What is the remainder when q is divided by 15?
7
Suppose -2*v = 5*t - 280, -v + 74 = 3*t - 93. Let u = -28 + t. Calculate the remainder when u is divided by 7.
5
Let b(n) = -n**3 + 5*n**2 + 3*n - 5. Let t be b(4). Let j = t - 16. Suppose j*m - 42 = m. What is the remainder when 11 is divided by m?
4
Let u = -364 - -498. Calculate the remainder when u is divided by 27.
26
Let l(y) = 5*y + 3. Let k = 1 - 0. Let g = k + 86. Calculate the remainder when g is divided by l(3).
15
Let x = 125 + -81. Suppose -2*y - 4*j + 16 = 0, 3*y - 24 - 24 = 2*j. Calculate the remainder when x is divided by y.
2
Let k = 163 + -133. Let x(d) = d**3 - 29*d**2 - 30*d + 6. What is the remainder when 17 is divided by x(k)?
5
Let a(o) = 7*o + 8. Let f be a(6). Suppose -7*z + 27 = -f. Calculate the remainder when 42 is divided by z.
9
Suppose 0 = 3*a - 6*a + 9. Calculate the remainder when 124 is divided by (4 - 6)*a/2 + 35.
28
Suppose -28*n - 4*j - 1572 = -33*n, 12 = -4*j. What is the remainder when n is divided by 15?
12
Let r(w) = -w**2 - 10*w + 465. Calculate the remainder when 239 is divided by r(16).
43
Let i be (-1 + 2)*-1 + -79. Let m be ((-52)/(-156))/(((-7)/498)/7). Let f = i - m. What is the remainder when f is divided by 22?
20
Let d(q) be the first derivative of q**2/2 + 2*q + 3. Suppose -2*n + 38 = -o, 98 = 5*n + 2*o + 21. What is the remainder when n is divided by d(8)?
7
Let f(g) = -g**2 - 2*g + 6. Let q be f(4). Let k = 30 + q. Calculate the remainder when 31 is divided by k.
7
Suppose -285 = -4*g - g - 2*i, -4*g = 2*i - 228. Suppose -4*y + 4*h = -200, h = -y + g - 9. What is the remainder when y is divided by 13?
10
Suppose 126 = 10*u + 4*u. What is the remainder when (-1 + -125)/(-3) - 1 is divided by u?
5
Let x = 136 - 44. What is the remainder when x is divided by 66?
26
Let t(u) = -5*u**3 - 5*u**2 - 4*u. Let l be t(-1). Suppose 3*n + 493 = l*w - 251, 5*w - 899 = -4*n. Calculate the remainder when w is divided by 31.
28
Let r(g) = 14*g**3 - g**2 - 3*g + 1. Let n(v) = -v + 10. Let f be n(10). Suppose f = 3*k - 4*k + 26. Calculate the remainder when r(2) is divided by k.
25
Let a = 62 - 25. Let x(y) = -2*y**3 - y**2 - 5*y + 15. What is the remainder when x(-4) is divided by a?
36
Let n(u) = -2*u + 5. Suppose 6*t = 9*t + 3. Suppose 193 = 5*o + 4*a, 4*a = 3*o - o - 94. Calculate the remainder when o is divided by n(t).
6
Calculate the remainder when 171 is divided by -3*(10/(-6) + -2) - -1.
3
Suppose -47*n - 42 = -48*n. Suppose 14*t - 20*t = -n. What is the remainder when 10 is divided by t?
3
Let l = 161 - 143. What is the remainder when 53 is divided by l?
17
Let d = -162 - -317. Calculate the remainder when d is divided by 18.
11
Let r(p) = p**3 + 12*p**2 - 19*p - 35. Calculate the remainder when r(-12) is divided by 28.
25
Let d be (33*8/12)/(4/(-14)). What is the remainder when 88 is divided by d/(-5) + (-23)/(-5) + -5?
13
Suppose 5 = 2*s + 2*z - 51, 0 = 4*s - 2*z - 124. Suppose s = 3*y - 9. What is the remainder when y is divided by 5?
3
Let w be 7*3/(-7)*-4. What is the remainder when -10*18*(-3)/w is divided by 8?
5
Let u(n) = -7*n**2 + 26*n + 68. Let k(h) = -4*h**2 + 13*h + 34. Let j(q) = -5*k(q) + 3*u(q). What is the remainder when j(13) is divided by 12?
10
Suppose 547 + 1169 = 6*v. What is the remainder when v is divided by 73?
67
Suppose 5*z + 5*n = 320, -z - 4*n = -65 + 7. What is the remainder when 259 is divided by z?
61
Let v(k) = -18*k - 2. Let r be v(-3). Let c = r - 30. Let z = c + -14. Calculate the remainder when 23 is divided by z.
7
Suppose 80*s = 83*s - 1326. Calculate the remainder when s is divided by 37.
35
Suppose 148 = 4*w - 2*q, 54*w + 82 = 56*w + 3*q. What is the remainder when 233 is divided by w?
5
Let t = 15 - 18. Let w = -56 + 89. Calculate the remainder when w is divided by 0 - -17 - (6 + t + -3).
16
Suppose 15*h - 141 = 1719. Calculate the remainder when h is divided by 61.
2
Suppose 6*r + 24 - 72 = 0. Suppose -3*a = b + 11, -4*b - 5 = -5*a - 46. Calculate the remainder when r is divided by b.
0
Let j(c) = 7*c**2 + 1. Suppose -2*y + 2*i + 2 = 16, 0 = -2*i + 10. What is the remainder when ((-113)/y + 0)*2 is divided by j(-2)?
26
Let l = -108 - -115. Let c = l + 48. What is the remainder when c is divided by 16?
7
Let v be ((-2490)/45)/(1/3). What is the remainder when 2/((-2)/(-31)) - 0 is divided by v/(-10) + (-2)/(-5)?
14
Let y = -38 + 22. Let b = y - -42. Let g = -21 - -30. Calculate the remainder when b is divided by g.
8
Suppose 7*q + 16 = 11*q. Suppose q*n + 7 = 127. What is the remainder when n is divided by 0 - (11 - 0)*-1?
8
Let i = -249 - -336. Calculate the remainder when i is divided by 11.
10
Let x(c) = 4*c**2 - 64*c - 51. Calculate the remainder when 202 is divided by x(17).
15
Let y = -21 - -24. Suppose -60 = -u - l, -u - y*l + 29 = -29. What is the remainder when u is divided by 22?
17
Let s = 163 + -267. Suppose -4*c = 3*o - 2*c + 95, 5*o + 154 = c. Let u = o - s. Calculate the remainder when u is divided by 25.
23
Let g(i) = -i**3 - i - 3. Let k be g(-3). Suppose 0 = -4*o - 2*h - 18, -o + 3*h = 2*o + k. What is the remainder when (o/4)/((-3)/42) is divided by 11?
10
Let v(q) = -27*q - 392. Calculate the remainder when v(-21) is divided by 30.
25
Suppose -2*s + 59 = -39. What is the remainder when 191 is divided by s?
44
Suppose 3*n - 72 = -5*v + 28, 5*v + 4*n - 100 = 0. Suppose w = 3*w - 314. Calculate the remainder when w is divided by v.
17
Suppose 0 = 3*c + 18 + 180. Let o = 130 + c. What is the remainder when o is divided by 22?
20
Suppose r - 26 = -3*n, -4*r + 48 = -2*r + 5*n. Let w = 136 - 71. What is the remainder when w is divided by r?
9
Suppose -5*u = -k + 4*k - 15, 4*u = 4*k - 52. Let b(t) = t**3 - t**2 - t + 1. Let s be b(3). Let n = s - k. What is the remainder when 11 is divided by n?
5
Let k(j) = j - 9. Let b be k(12). Suppose -h = 2*h + 3*y - 138, b*h - 136 = -5*y. Suppose -3*s = -2*s - 10. What is the remainder when h is divided by s?
7
Suppose 0 = m + 3*q - 44 - 83, 0 = -5*q - 15. Calculate the remainder when m is divided by 36.
28
Let o(m) = m**2 + 11*m - 33. Suppose 5 = b - 18. What is the remainder when b is divided by o(-14)?
5
Let j(v) = -4*v + 5. Let c be j(4). Let a = -10 - c. What is the remainder when 35 is divided by (-18)/5*a*-5?
17
Calculate the remainder when 650 is divided by ((-104)/364)/((-4)/1526).
105
Let u = 10 + -7. Let p be ((-320)/(-56))/((-2)/(-7)). Suppose -11*j = -7*j - p. Calculate the remainder when j is divided by u.
2
Let w be 212/16 + 4/(-16). Suppose q + 10 = w. Suppose -3*j = -5*z - 0*j + 298, -q*j = -12. Calculate the remainder when z is divided by 32.
30
Suppose -61*p = -10*p - 918. Calculate the remainder when 915 is divided by p.
15
Let w(k) = 22*k + 1. Let g(y) = -y**3 + 3*y**2 + y - 7. Calculate the remainder when g(-3) is divided by w(1).
21
Let p be -20 - 0/(-1 - -3). Let s be (-78)/(-1)*(-5)/10. Let o = p - s. What is the remainder when o is divided by 11?
8
Suppose 15*v + 1969 = 5974. What is the remainder when v is divided by 15?
12
Let p = 161 - 254. Let r = -38 - p. Suppose -3*z + 2*a = -80, 4*z + 40 = -3*a + 158. Calculate the remainder when r is divided by z.
27
Suppose 0 = -q - 3*c + 190, -22*q - 4*c = -26*q + 792. What is the remainder when q is divided by 27?
7
Let m = 65 + -49. Calculate the remainder when (5 - 7) + (222 - -1) is divided by m.
13
Suppose 4*a - g = 518, 115 = 2*a + g - 141. What is the remainder when a is divided by 13?
12
Suppose -5*u + 1 = r - 39, 0 = 4*r + 2*u - 160. Calculate the remainder when 96 is divided by r.
16
Suppose 0 = 3*t - 7*t - 264. Let d be t/4*(-40)/(-12). What is the remainder when 30 is divided by 6/33 + (-870)/d?
14
Let h(p) = 16*p**